{"id":2354,"date":"2016-09-19T12:47:50","date_gmt":"2016-09-19T15:47:50","guid":{"rendered":"http:\/\/eletricity.com.br\/site\/?page_id=2354"},"modified":"2020-02-20T16:33:37","modified_gmt":"2020-02-20T19:33:37","slug":"nossos-clientes-eletricity","status":"publish","type":"page","link":"https:\/\/eletricity.com.br\/site\/nossos-clientes-eletricity","title":{"rendered":"Nossos Clientes &#8211; Eletricity"},"content":{"rendered":"<p>[vc_row el_id=&#8221;nossos-clientes&#8221;][vc_column]<div class=\"vntd-special-heading\"style=\"margin-bottom:50px;\"><h1 class=\"header  animated\" data-animation=\"fadeIn\" data-animation-delay=\"100\">Nossos Clientes<\/h1><div class=\"header-strips-one  animated\" data-animation=\"fadeIn\" data-animation-delay=\"100\"><\/div><h2 class=\"description normal  animated\" data-animation=\"fadeIn\" data-animation-delay=\"100\">Conhe\u00e7a alguns dos nossos principais clientes<\/h2><\/div>    \n\t<div class=\"vntd-logos-carousel\">\n\t\n\t\t<div class=\"client-logos\">\t\t\n\t\t\t\n\t\t\t<div class=\"logos boxed\">\n\t\n\t<a class=\"item\"><img decoding=\"async\" src=\"https:\/\/eletricity.com.br\/site\/wp-content\/uploads\/2016\/09\/Caixa.png\" alt><\/a><a class=\"item\"><img decoding=\"async\" src=\"https:\/\/eletricity.com.br\/site\/wp-content\/uploads\/2016\/09\/dom-helder.png\" alt><\/a><a class=\"item\"><img decoding=\"async\" src=\"https:\/\/eletricity.com.br\/site\/wp-content\/uploads\/2016\/09\/Jornal_Balc\u00e3o.png\" alt><\/a><a class=\"item\"><img decoding=\"async\" src=\"https:\/\/eletricity.com.br\/site\/wp-content\/uploads\/2016\/09\/Life.png\" alt><\/a><a class=\"item\"><img decoding=\"async\" src=\"https:\/\/eletricity.com.br\/site\/wp-content\/uploads\/2016\/09\/plan-b.png\" alt><\/a><a class=\"item\"><img decoding=\"async\" src=\"https:\/\/eletricity.com.br\/site\/wp-content\/uploads\/2016\/09\/Sada.png\" alt><\/a><a class=\"item\"><img decoding=\"async\" src=\"https:\/\/eletricity.com.br\/site\/wp-content\/uploads\/2016\/09\/schneider.fw_.png\" alt><\/a><a class=\"item\"><img decoding=\"async\" src=\"https:\/\/eletricity.com.br\/site\/wp-content\/uploads\/2016\/09\/Supermix.png\" alt><\/a><a class=\"item\"><img decoding=\"async\" src=\"https:\/\/eletricity.com.br\/site\/wp-content\/uploads\/2016\/09\/Tempo.png\" alt><\/a><a class=\"item\"><img decoding=\"async\" src=\"https:\/\/eletricity.com.br\/site\/wp-content\/uploads\/2016\/09\/VilaGrimm.png\" alt><\/a><a class=\"item\"><img decoding=\"async\" src=\"https:\/\/eletricity.com.br\/site\/wp-content\/uploads\/2016\/09\/atual.png\" alt><\/a><\/div><\/div><\/div>[vc_empty_space height=&#8221;50&#8243;][vc_column_text]<\/p>\n<p style=\"text-align: center;\">A melhor maneira de constatar qualidade, rapidez e seguran\u00e7a em nossos servi\u00e7os \u00e9 por meio daqueles com quem trabalhamos.<\/p>\n<p style=\"text-align: center;\">Nosso compromisso \u00e9 oferecer a melhor solu\u00e7\u00e3o para o seu neg\u00f3cio<\/p>\n<p>[\/vc_column_text][vc_empty_space height=&#8221;50&#8243;]<div class=\"vntd-special-heading\"style=\"margin-bottom:px;\"><h1 class=\"header  animated\" data-animation=\"fadeIn\" data-animation-delay=\"100\">Depoimentos<\/h1><div class=\"header-strips-one  animated\" data-animation=\"fadeIn\" data-animation-delay=\"100\"><\/div><h2 class=\"description normal  animated\" data-animation=\"fadeIn\" data-animation-delay=\"100\">A opini\u00e3o de quem conhece a Eletricity<\/h2><\/div>[\/vc_column][\/vc_row][vc_row parallax=&#8221;yes&#8221; bg_overlay=&#8221;dark&#8221; css=&#8221;.vc_custom_1474292299212{margin-top: -15px !important;padding-top: 0px !important;background-image: url(http:\/\/eletricity.com.br\/site\/wp-content\/uploads\/2016\/09\/fundo-2.jpg?id=2262) !important;}&#8221;][vc_column]    \n\t<div class=\"vntd-testimonial-carousel\">\n\t\n\t\t\n\t\t<div class=\"testimonials t-center\">\n\t\n\t\t<a class=\"t-arrow\"><\/a>\n\t\t\n\t\t<h1 class=\"quote white\">\t\t\t\n\t\t\t<i class=\"fa fa-quote-right\"><\/i>\n\t\t<\/h1>\t\n\t\t\n\t\t<ul class=\"text-slider clearfix\">\n\t\n\t<li class=\"text normal\"><h1 class=\"white\">A Eletricity entregou nosso projeto com <span>extrema qualidade,<\/span> cuidado com os detalhes e sem atrasos no cronograma proposto. Uma empresa que ama o que faz. Certamente estaremos juntos em projetos futuros.<\/h1><p class=\"author uppercase\">Jo\u00e3o Chequer - Diretor - Est\u00fadios Kidsa<\/p><\/li><li class=\"text normal\"><h1 class=\"white\">N\u00e3o basta tratar bem os clientes. Profissionalismo e esfor\u00e7o em entender o que ele precisa s\u00e3o essenciais para um excelente atendimento. <span>Falar da ELETRICITY \u00e9 pensar em parceria.<\/span> Entendem o que precisamos, sentem prazer em nos servir, atendem com simpatia e empatia, trabalham com seguran\u00e7a, clareza, objetividade e transpar\u00eancia. Lembrem-se: ter clientes satisfeitos \u00e9 uma das melhores propagandas que sua empresa pode ter. Obrigado pelos servi\u00e7os prestados at\u00e9 aqui, e qu\u00ea essa parceria seja ainda mais duradoura.<\/h1><p class=\"author uppercase\">Ramon F\u00e9lix - Engenheiro Eletricista - Diretoria de Obras Grupo Sada<\/p><\/li><li class=\"text normal\"><h1 class=\"white\">Comprometimento, profissionalismo, arte e capacidade de aceitar desafios. Assim \u00e9 o DNA da Eletricity.\r\n\r\nDepois de v\u00e1rios projetos realizados ela se tornou meu <span>principal fornecedor de solu\u00e7\u00f5es energ\u00e9ticas e rede.<\/span><\/h1><p class=\"author uppercase\">Arli\u00ea Ribeiro - Tecnologia de Informa\u00e7\u00e3o - Plan B<\/p><\/li><li class=\"text normal\"><h1 class=\"white\">A empresa Eletricity h\u00e1 mais de seis anos presta servi\u00e7os \u00e0 Sempre Editora Ltda com <span>qualidade e presteza.<\/span><\/h1><p class=\"author uppercase\">Walmir Prado - Gerente Administrativo e Financeiro - Sempre Editora<\/p><\/li><li class=\"text normal\"><h1 class=\"white\">\"Gostaria de cumprimenta-los pelo <span>capricho, esmero e dedica\u00e7\u00e3o<\/span> que a Eletricity conduziu a obra aqui na Supermix.\r\n\r\nNuma \u00e9poca em que a maioria dos prestadores de servi\u00e7os n\u00e3o tem o menor comprometimento com seus clientes voc\u00eas demonstraram exatamente o contr\u00e1rio.\r\n\r\nContinuem assim, sempre presentes!!!!\r\n\r\nParab\u00e9ns!!!!\" <\/h1><p class=\"author uppercase\">Edison Dias Filho - Diretor Executivo - Supermix<\/p><\/li><li class=\"text normal\"><h1 class=\"white\">Tenho 40 anos de trabalho em empresas e conhe\u00e7o a Eletricity h\u00e1 14 anos.\r\n\r\nPosso afirmar que ao longo deste tempo, <span>ainda n\u00e3o encontrei uma empresa de presta\u00e7\u00e3o de servi\u00e7os, do porte da Eletricity,<\/span> que prime tanto pela qualidade do que faz. O ferramental que usam, \u00e9 um grande diferencial que ajuda, e muito, a sustentar o n\u00edvel de trabalho.\r\n\r\nParab\u00e9ns, eu recomendo.<\/h1><p class=\"author uppercase\">Jos\u00e9 Geraldo d\u00b4Assun\u00e7\u00e3o - Gerente de Manuten\u00e7\u00e3o El\u00e9trica - Supermix<\/p><\/li><li class=\"text normal\"><h1 class=\"white\">Sou hoje diretor de uma conceituada empresa de concreto e trabalho na mesma h\u00e1 26 anos.\r\n\r\nNo decorrer destes anos fizemos diversas modifica\u00e7\u00f5es em nossas instala\u00e7\u00f5es envolvendo projetos e execu\u00e7\u00e3o, estes de tamanho e complexidade variadas que foram executados com extrema <span>compet\u00eancia e profissionalismo<\/span> pela Eletricity.<\/h1><p class=\"author uppercase\">Jos\u00e9 Giampietro - Diretor Comercial - Supermix<\/p><\/li><li class=\"text normal\"><h1 class=\"white\">Eletricidade \u00e9 coisa s\u00e9ria, instala\u00e7\u00e3o el\u00e9trica n\u00e3o \u00e9 para amador, aventureiro ou curioso, \u00e9 um servi\u00e7o para profissional, a Eletricity nos prestou servi\u00e7os de pequeno a grande porte, desde um simples reparo ou instala\u00e7\u00e3o at\u00e9 redimensionamento de quadro el\u00e9trico e troca de fia\u00e7\u00f5es.\r\n\r\nTodos os servi\u00e7os foram prestados segundo as especifica\u00e7\u00f5es das normas t\u00e9cnicas \u2013 ABNT com muito profissionalismo efici\u00eancia e rapidez.\r\n\r\n<span>Realmente \u00e9 uma das melhores empresas parceiras que temos.<\/span> Parab\u00e9ns a toda a equipe.<\/h1><p class=\"author uppercase\">Vila Grimm - Grupo Gestor<\/p><\/li><\/ul><\/div><\/div>[\/vc_column][\/vc_row]<\/p>\n","protected":false},"excerpt":{"rendered":"<p>[vc_row el_id=&#8221;nossos-clientes&#8221;][vc_column][vc_empty_space height=&#8221;50&#8243;][vc_column_text] A melhor maneira de constatar qualidade, rapidez e seguran\u00e7a em nossos servi\u00e7os \u00e9 por meio daqueles com quem trabalhamos. Nosso compromisso \u00e9 oferecer a melhor solu\u00e7\u00e3o para o seu neg\u00f3cio [\/vc_column_text][vc_empty_space height=&#8221;50&#8243;][\/vc_column][\/vc_row][vc_row parallax=&#8221;yes&#8221; bg_overlay=&#8221;dark&#8221; css=&#8221;.vc_custom_1474292299212{margin-top: -15px !important;padding-top: 0px !important;background-image: url(http:\/\/eletricity.com.br\/site\/wp-content\/uploads\/2016\/09\/fundo-2.jpg?id=2262) !important;}&#8221;][vc_column][\/vc_column][\/vc_row]<\/p>\n","protected":false},"author":1,"featured_media":0,"parent":0,"menu_order":0,"comment_status":"closed","ping_status":"closed","template":"template-onepager.php","meta":{"footnotes":""},"_links":{"self":[{"href":"https:\/\/eletricity.com.br\/site\/wp-json\/wp\/v2\/pages\/2354"}],"collection":[{"href":"https:\/\/eletricity.com.br\/site\/wp-json\/wp\/v2\/pages"}],"about":[{"href":"https:\/\/eletricity.com.br\/site\/wp-json\/wp\/v2\/types\/page"}],"author":[{"embeddable":true,"href":"https:\/\/eletricity.com.br\/site\/wp-json\/wp\/v2\/users\/1"}],"replies":[{"embeddable":true,"href":"https:\/\/eletricity.com.br\/site\/wp-json\/wp\/v2\/comments?post=2354"}],"version-history":[{"count":11,"href":"https:\/\/eletricity.com.br\/site\/wp-json\/wp\/v2\/pages\/2354\/revisions"}],"predecessor-version":[{"id":2674,"href":"https:\/\/eletricity.com.br\/site\/wp-json\/wp\/v2\/pages\/2354\/revisions\/2674"}],"wp:attachment":[{"href":"https:\/\/eletricity.com.br\/site\/wp-json\/wp\/v2\/media?parent=2354"}],"curies":[{"name":"wp","href":"https:\/\/api.w.org\/{rel}","templated":true}]}}